{"id":13940,"date":"2021-02-23T10:48:03","date_gmt":"2021-02-23T09:48:03","guid":{"rendered":"https:\/\/europe-rigid.com\/portfolio\/cables-electricos\/"},"modified":"2021-02-23T10:48:09","modified_gmt":"2021-02-23T09:48:09","slug":"cables-electricos","status":"publish","type":"portfolio","link":"https:\/\/europe-rigid.com\/es\/portfolio\/cables-electricos\/","title":{"rendered":"Cables el\u00e9ctricos"},"content":{"rendered":"\t\t<div data-elementor-type=\"wp-post\" data-elementor-id=\"13940\" class=\"elementor elementor-13940\" data-elementor-post-type=\"portfolio\">\n\t\t\t\t\t\t<section class=\"elementor-section elementor-top-section elementor-element elementor-element-bbd5a07 elementor-section-content-middle elementor-section-boxed elementor-section-height-default elementor-section-height-default\" data-id=\"bbd5a07\" data-element_type=\"section\" data-e-type=\"section\">\n\t\t\t\t\t\t<div class=\"elementor-container elementor-column-gap-default\">\n\t\t\t\t\t<div class=\"elementor-column elementor-col-66 elementor-top-column elementor-element elementor-element-7fdaa2c\" data-id=\"7fdaa2c\" data-element_type=\"column\" data-e-type=\"column\">\n\t\t\t<div class=\"elementor-widget-wrap elementor-element-populated\">\n\t\t\t\t\t\t<div class=\"elementor-element elementor-element-cec3841 elementor-widget elementor-widget-theme-post-title elementor-page-title elementor-widget-heading\" data-id=\"cec3841\" data-element_type=\"widget\" data-e-type=\"widget\" data-widget_type=\"theme-post-title.default\">\n\t\t\t\t\t<h1 class=\"elementor-heading-title elementor-size-default\">Cables el\u00e9ctricos<\/h1>\t\t\t\t<\/div>\n\t\t\t\t<div class=\"elementor-element elementor-element-fa31a69 elementor-widget elementor-widget-text-editor\" data-id=\"fa31a69\" data-element_type=\"widget\" data-e-type=\"widget\" data-widget_type=\"text-editor.default\">\n\t\t\t\t\t\t\t\t\t<p><strong>Nosotros ofrecemos cables de extensi\u00f3n el\u00e9ctricos de acuerdo con la longitud requerida, incluidos los accesorios necesarios para colgar los cables<\/strong><\/p>\n\t\t\t\t\t\t\t\t<\/div>\n\t\t\t\t<div class=\"elementor-element elementor-element-95c8414 elementor-widget elementor-widget-button\" data-id=\"95c8414\" data-element_type=\"widget\" data-e-type=\"widget\" data-widget_type=\"button.default\">\n\t\t\t\t\t\t\t\t\t\t<a class=\"elementor-button elementor-button-link elementor-size-md\" href=\"https:\/\/europe-rigid.com\/es\/contact\/\">\n\t\t\t\t\t\t<span class=\"elementor-button-content-wrapper\">\n\t\t\t\t\t\t<span class=\"elementor-button-icon\">\n\t\t\t\t<i aria-hidden=\"true\" class=\"fas fa-long-arrow-alt-right\"><\/i>\t\t\t<\/span>\n\t\t\t\t\t\t\t\t\t<span class=\"elementor-button-text\">Contacta con nosotros<\/span>\n\t\t\t\t\t<\/span>\n\t\t\t\t\t<\/a>\n\t\t\t\t\t\t\t\t<\/div>\n\t\t\t\t\t<\/div>\n\t\t<\/div>\n\t\t\t\t<div class=\"elementor-column elementor-col-33 elementor-top-column elementor-element elementor-element-732e3a3\" data-id=\"732e3a3\" data-element_type=\"column\" data-e-type=\"column\">\n\t\t\t<div class=\"elementor-widget-wrap elementor-element-populated\">\n\t\t\t\t\t\t<div class=\"elementor-element elementor-element-14fcd9e elementor-widget elementor-widget-theme-post-featured-image elementor-widget-image\" data-id=\"14fcd9e\" data-element_type=\"widget\" data-e-type=\"widget\" data-widget_type=\"theme-post-featured-image.default\">\n\t\t\t\t\t\t\t\t\t\t\t\t\t\t\t<img fetchpriority=\"high\" decoding=\"async\" width=\"300\" height=\"260\" src=\"https:\/\/europe-rigid.com\/wp-content\/uploads\/2020\/09\/Electrical-cable-1-1-300x260.jpg\" class=\"attachment-medium size-medium wp-image-11595\" alt=\"\" srcset=\"https:\/\/europe-rigid.com\/wp-content\/uploads\/2020\/09\/Electrical-cable-1-1-300x260.jpg 300w, https:\/\/europe-rigid.com\/wp-content\/uploads\/2020\/09\/Electrical-cable-1-1-1024x886.jpg 1024w, https:\/\/europe-rigid.com\/wp-content\/uploads\/2020\/09\/Electrical-cable-1-1-768x665.jpg 768w, https:\/\/europe-rigid.com\/wp-content\/uploads\/2020\/09\/Electrical-cable-1-1-1140x986.jpg 1140w, https:\/\/europe-rigid.com\/wp-content\/uploads\/2020\/09\/Electrical-cable-1-1-720x622.jpg 720w, https:\/\/europe-rigid.com\/wp-content\/uploads\/2020\/09\/Electrical-cable-1-1-360x311.jpg 360w, https:\/\/europe-rigid.com\/wp-content\/uploads\/2020\/09\/Electrical-cable-1-1.jpg 1165w\" sizes=\"(max-width: 300px) 100vw, 300px\" \/>\t\t\t\t\t\t\t\t\t\t\t\t\t\t\t<\/div>\n\t\t\t\t\t<\/div>\n\t\t<\/div>\n\t\t\t\t\t<\/div>\n\t\t<\/section>\n\t\t\t\t<section class=\"elementor-section elementor-top-section elementor-element elementor-element-79eef6d elementor-section-boxed elementor-section-height-default elementor-section-height-default\" data-id=\"79eef6d\" data-element_type=\"section\" data-e-type=\"section\">\n\t\t\t\t\t\t<div class=\"elementor-container elementor-column-gap-default\">\n\t\t\t\t\t<div class=\"elementor-column elementor-col-33 elementor-top-column elementor-element elementor-element-dc16261\" data-id=\"dc16261\" data-element_type=\"column\" data-e-type=\"column\">\n\t\t\t<div class=\"elementor-widget-wrap elementor-element-populated\">\n\t\t\t\t\t\t<div class=\"elementor-element elementor-element-36db8d2 elementor-widget elementor-widget-text-editor\" data-id=\"36db8d2\" data-element_type=\"widget\" data-e-type=\"widget\" data-widget_type=\"text-editor.default\">\n\t\t\t\t\t\t\t\t\t<p style=\"text-align: center;\"><strong><span style=\"color: #008080;\">Cables de extensi\u00f3n el\u00e9ctricos<\/span><\/strong><\/p>\n<ul>\n<li style=\"text-align: center;\">para fuente de alimentaci\u00f3n &#8211; 400V, con clavija y toma de corriente 5P<\/li>\n<li style=\"text-align: center;\">para control colgante &#8211; con clavija y toma de corriente 6P<\/li>\n<\/ul>\n\t\t\t\t\t\t\t\t<\/div>\n\t\t\t\t<div class=\"elementor-element elementor-element-66080db elementor-widget elementor-widget-image\" data-id=\"66080db\" data-element_type=\"widget\" data-e-type=\"widget\" data-widget_type=\"image.default\">\n\t\t\t\t\t\t\t\t\t\t\t\t\t\t\t<img decoding=\"async\" width=\"1024\" height=\"886\" src=\"https:\/\/europe-rigid.com\/wp-content\/uploads\/2020\/09\/Electrical-cable-1-1-1024x886.jpg\" class=\"attachment-large size-large wp-image-11595\" alt=\"\" srcset=\"https:\/\/europe-rigid.com\/wp-content\/uploads\/2020\/09\/Electrical-cable-1-1-1024x886.jpg 1024w, https:\/\/europe-rigid.com\/wp-content\/uploads\/2020\/09\/Electrical-cable-1-1-300x260.jpg 300w, https:\/\/europe-rigid.com\/wp-content\/uploads\/2020\/09\/Electrical-cable-1-1-768x665.jpg 768w, https:\/\/europe-rigid.com\/wp-content\/uploads\/2020\/09\/Electrical-cable-1-1-1140x986.jpg 1140w, https:\/\/europe-rigid.com\/wp-content\/uploads\/2020\/09\/Electrical-cable-1-1-720x622.jpg 720w, https:\/\/europe-rigid.com\/wp-content\/uploads\/2020\/09\/Electrical-cable-1-1-360x311.jpg 360w, https:\/\/europe-rigid.com\/wp-content\/uploads\/2020\/09\/Electrical-cable-1-1.jpg 1165w\" sizes=\"(max-width: 1024px) 100vw, 1024px\" \/>\t\t\t\t\t\t\t\t\t\t\t\t\t\t\t<\/div>\n\t\t\t\t\t<\/div>\n\t\t<\/div>\n\t\t\t\t<div class=\"elementor-column elementor-col-33 elementor-top-column elementor-element elementor-element-46f9384\" data-id=\"46f9384\" data-element_type=\"column\" data-e-type=\"column\">\n\t\t\t<div class=\"elementor-widget-wrap elementor-element-populated\">\n\t\t\t\t\t\t<div class=\"elementor-element elementor-element-098aa12 elementor-widget elementor-widget-text-editor\" data-id=\"098aa12\" data-element_type=\"widget\" data-e-type=\"widget\" data-widget_type=\"text-editor.default\">\n\t\t\t\t\t\t\t\t\t<p style=\"text-align: center;\"><span style=\"color: #008080;\"><strong>Abrazaderas de anclaje para cables <\/strong><\/span> de tama\u00f1os:<\/p>\n<p style=\"text-align: center;\"> 8.5 &#8211; 13.5mm<br \/>13.5 &#8211; 17.5mm<br \/>17.5 &#8211; 22.5mm<\/p>\n\t\t\t\t\t\t\t\t<\/div>\n\t\t\t\t<div class=\"elementor-element elementor-element-9a906c2 elementor-widget elementor-widget-image\" data-id=\"9a906c2\" data-element_type=\"widget\" data-e-type=\"widget\" data-widget_type=\"image.default\">\n\t\t\t\t\t\t\t\t\t\t\t\t\t\t\t<img decoding=\"async\" width=\"1900\" height=\"1425\" src=\"https:\/\/europe-rigid.com\/wp-content\/uploads\/2020\/09\/Anchoring-clamps-for-cable.jpg\" class=\"attachment-full size-full wp-image-11711\" alt=\"\" srcset=\"https:\/\/europe-rigid.com\/wp-content\/uploads\/2020\/09\/Anchoring-clamps-for-cable.jpg 1900w, https:\/\/europe-rigid.com\/wp-content\/uploads\/2020\/09\/Anchoring-clamps-for-cable-300x225.jpg 300w, https:\/\/europe-rigid.com\/wp-content\/uploads\/2020\/09\/Anchoring-clamps-for-cable-1024x768.jpg 1024w, https:\/\/europe-rigid.com\/wp-content\/uploads\/2020\/09\/Anchoring-clamps-for-cable-768x576.jpg 768w, https:\/\/europe-rigid.com\/wp-content\/uploads\/2020\/09\/Anchoring-clamps-for-cable-1536x1152.jpg 1536w\" sizes=\"(max-width: 1900px) 100vw, 1900px\" \/>\t\t\t\t\t\t\t\t\t\t\t\t\t\t\t<\/div>\n\t\t\t\t\t<\/div>\n\t\t<\/div>\n\t\t\t\t<div class=\"elementor-column elementor-col-33 elementor-top-column elementor-element elementor-element-2374bc3\" data-id=\"2374bc3\" data-element_type=\"column\" data-e-type=\"column\">\n\t\t\t<div class=\"elementor-widget-wrap elementor-element-populated\">\n\t\t\t\t\t\t<div class=\"elementor-element elementor-element-cda10c4 elementor-widget elementor-widget-text-editor\" data-id=\"cda10c4\" data-element_type=\"widget\" data-e-type=\"widget\" data-widget_type=\"text-editor.default\">\n\t\t\t\t\t\t\t\t\t<p style=\"text-align: center;\"><span style=\"color: #008080;\"><strong>Accesorios para suspensi\u00f3n de cables<\/strong><\/span><\/p>\n\t\t\t\t\t\t\t\t<\/div>\n\t\t\t\t<div class=\"elementor-element elementor-element-c2b00cb elementor-widget elementor-widget-text-editor\" data-id=\"c2b00cb\" data-element_type=\"widget\" data-e-type=\"widget\" data-widget_type=\"text-editor.default\">\n\t\t\t\t\t\t\t\t\t<p style=\"text-align: center;\">El contenido se est\u00e1 actualizando<\/p>\n\t\t\t\t\t\t\t\t<\/div>\n\t\t\t\t\t<\/div>\n\t\t<\/div>\n\t\t\t\t\t<\/div>\n\t\t<\/section>\n\t\t\t\t<section class=\"elementor-section elementor-top-section elementor-element elementor-element-e4beb0d elementor-section-boxed elementor-section-height-default elementor-section-height-default\" data-id=\"e4beb0d\" data-element_type=\"section\" data-e-type=\"section\">\n\t\t\t\t\t\t<div class=\"elementor-container elementor-column-gap-default\">\n\t\t\t\t\t<div class=\"elementor-column elementor-col-33 elementor-top-column elementor-element elementor-element-705e469\" data-id=\"705e469\" data-element_type=\"column\" data-e-type=\"column\">\n\t\t\t<div class=\"elementor-widget-wrap\">\n\t\t\t\t\t\t\t<\/div>\n\t\t<\/div>\n\t\t\t\t<div class=\"elementor-column elementor-col-33 elementor-top-column elementor-element elementor-element-4a05fbb\" data-id=\"4a05fbb\" data-element_type=\"column\" data-e-type=\"column\">\n\t\t\t<div class=\"elementor-widget-wrap\">\n\t\t\t\t\t\t\t<\/div>\n\t\t<\/div>\n\t\t\t\t<div class=\"elementor-column elementor-col-33 elementor-top-column elementor-element elementor-element-34f1d01\" data-id=\"34f1d01\" data-element_type=\"column\" data-e-type=\"column\">\n\t\t\t<div class=\"elementor-widget-wrap\">\n\t\t\t\t\t\t\t<\/div>\n\t\t<\/div>\n\t\t\t\t\t<\/div>\n\t\t<\/section>\n\t\t\t\t<\/div>\n\t\t","protected":false},"excerpt":{"rendered":"<p>Nosotros ofrecemos cables de extensi\u00f3n el\u00e9ctricos de acuerdo con la longitud requerida, incluidos los accesorios necesarios para colgar los cables Contacta con nosotros Cables de extensi\u00f3n el\u00e9ctricos para fuente de alimentaci\u00f3n &#8211; 400V, con clavija y toma de corriente 5P &hellip; <a class=\"kt-excerpt-readmore more-link\" href=\"https:\/\/europe-rigid.com\/es\/portfolio\/cables-electricos\/\" aria-label=\"Cables el\u00e9ctricos\">Leer m\u00e1s<\/a><\/p>\n","protected":false},"author":1,"featured_media":11595,"menu_order":0,"comment_status":"open","ping_status":"closed","template":"","portfolio-type":[],"portfolio-tag":[],"class_list":["post-13940","portfolio","type-portfolio","status-publish","has-post-thumbnail","hentry"],"_links":{"self":[{"href":"https:\/\/europe-rigid.com\/es\/wp-json\/wp\/v2\/portfolio\/13940","targetHints":{"allow":["GET"]}}],"collection":[{"href":"https:\/\/europe-rigid.com\/es\/wp-json\/wp\/v2\/portfolio"}],"about":[{"href":"https:\/\/europe-rigid.com\/es\/wp-json\/wp\/v2\/types\/portfolio"}],"author":[{"embeddable":true,"href":"https:\/\/europe-rigid.com\/es\/wp-json\/wp\/v2\/users\/1"}],"replies":[{"embeddable":true,"href":"https:\/\/europe-rigid.com\/es\/wp-json\/wp\/v2\/comments?post=13940"}],"version-history":[{"count":2,"href":"https:\/\/europe-rigid.com\/es\/wp-json\/wp\/v2\/portfolio\/13940\/revisions"}],"predecessor-version":[{"id":13942,"href":"https:\/\/europe-rigid.com\/es\/wp-json\/wp\/v2\/portfolio\/13940\/revisions\/13942"}],"wp:featuredmedia":[{"embeddable":true,"href":"https:\/\/europe-rigid.com\/es\/wp-json\/wp\/v2\/media\/11595"}],"wp:attachment":[{"href":"https:\/\/europe-rigid.com\/es\/wp-json\/wp\/v2\/media?parent=13940"}],"wp:term":[{"taxonomy":"portfolio-type","embeddable":true,"href":"https:\/\/europe-rigid.com\/es\/wp-json\/wp\/v2\/portfolio-type?post=13940"},{"taxonomy":"portfolio-tag","embeddable":true,"href":"https:\/\/europe-rigid.com\/es\/wp-json\/wp\/v2\/portfolio-tag?post=13940"}],"curies":[{"name":"wp","href":"https:\/\/api.w.org\/{rel}","templated":true}]}}

Cables eléctricos

<div data-elementor-type="wp-post" data-elementor-id="13940" class="elementor elementor-13940" data-elementor-post-type="portfolio">
						<section class="elementor-section elementor-top-section elementor-element elementor-element-bbd5a07 elementor-section-content-middle elementor-section-boxed elementor-section-height-default elementor-section-height-default" data-id="bbd5a07" data-element_type="section" data-e-type="section">
						<div class="elementor-container elementor-column-gap-default">
					<div class="elementor-column elementor-col-66 elementor-top-column elementor-element elementor-element-7fdaa2c" data-id="7fdaa2c" data-element_type="column" data-e-type="column">
			<div class="elementor-widget-wrap elementor-element-populated">
						<div class="elementor-element elementor-element-cec3841 elementor-widget elementor-widget-theme-post-title elementor-page-title elementor-widget-heading" data-id="cec3841" data-element_type="widget" data-e-type="widget" data-widget_type="theme-post-title.default">
					<h1 class="elementor-heading-title elementor-size-default">Cables eléctricos</h1>				</div>
				<div class="elementor-element elementor-element-fa31a69 elementor-widget elementor-widget-text-editor" data-id="fa31a69" data-element_type="widget" data-e-type="widget" data-widget_type="text-editor.default">
									<p><strong>Nosotros ofrecemos cables de extensión eléctricos de acuerdo con la longitud requerida, incluidos los accesorios necesarios para colgar los cables</strong></p>
								</div>
				<div class="elementor-element elementor-element-95c8414 elementor-widget elementor-widget-button" data-id="95c8414" data-element_type="widget" data-e-type="widget" data-widget_type="button.default">
										<a class="elementor-button elementor-button-link elementor-size-md" href="https://europe-rigid.com/es/contact/">
						<span class="elementor-button-content-wrapper">
						<span class="elementor-button-icon">
				<i aria-hidden="true" class="fas fa-long-arrow-alt-right"></i>			</span>
									<span class="elementor-button-text">Contacta con nosotros</span>
					</span>
					</a>
								</div>
					</div>
		</div>
				<div class="elementor-column elementor-col-33 elementor-top-column elementor-element elementor-element-732e3a3" data-id="732e3a3" data-element_type="column" data-e-type="column">
			<div class="elementor-widget-wrap elementor-element-populated">
						<div class="elementor-element elementor-element-14fcd9e elementor-widget elementor-widget-theme-post-featured-image elementor-widget-image" data-id="14fcd9e" data-element_type="widget" data-e-type="widget" data-widget_type="theme-post-featured-image.default">
															<img fetchpriority="high" decoding="async" width="300" height="260" src="https://europe-rigid.com/wp-content/uploads/2020/09/Electrical-cable-1-1-300x260.jpg" class="attachment-medium size-medium wp-image-11595" alt="" srcset="https://europe-rigid.com/wp-content/uploads/2020/09/Electrical-cable-1-1-300x260.jpg 300w, https://europe-rigid.com/wp-content/uploads/2020/09/Electrical-cable-1-1-1024x886.jpg 1024w, https://europe-rigid.com/wp-content/uploads/2020/09/Electrical-cable-1-1-768x665.jpg 768w, https://europe-rigid.com/wp-content/uploads/2020/09/Electrical-cable-1-1-1140x986.jpg 1140w, https://europe-rigid.com/wp-content/uploads/2020/09/Electrical-cable-1-1-720x622.jpg 720w, https://europe-rigid.com/wp-content/uploads/2020/09/Electrical-cable-1-1-360x311.jpg 360w, https://europe-rigid.com/wp-content/uploads/2020/09/Electrical-cable-1-1.jpg 1165w" sizes="(max-width: 300px) 100vw, 300px" />															</div>
					</div>
		</div>
					</div>
		</section>
				<section class="elementor-section elementor-top-section elementor-element elementor-element-79eef6d elementor-section-boxed elementor-section-height-default elementor-section-height-default" data-id="79eef6d" data-element_type="section" data-e-type="section">
						<div class="elementor-container elementor-column-gap-default">
					<div class="elementor-column elementor-col-33 elementor-top-column elementor-element elementor-element-dc16261" data-id="dc16261" data-element_type="column" data-e-type="column">
			<div class="elementor-widget-wrap elementor-element-populated">
						<div class="elementor-element elementor-element-36db8d2 elementor-widget elementor-widget-text-editor" data-id="36db8d2" data-element_type="widget" data-e-type="widget" data-widget_type="text-editor.default">
									<p style="text-align: center;"><strong><span style="color: #008080;">Cables de extensión eléctricos</span></strong></p>
<ul>
<li style="text-align: center;">para fuente de alimentación &#8211; 400V, con clavija y toma de corriente 5P</li>
<li style="text-align: center;">para control colgante &#8211; con clavija y toma de corriente 6P</li>
</ul>
								</div>
				<div class="elementor-element elementor-element-66080db elementor-widget elementor-widget-image" data-id="66080db" data-element_type="widget" data-e-type="widget" data-widget_type="image.default">
															<img decoding="async" width="1024" height="886" src="https://europe-rigid.com/wp-content/uploads/2020/09/Electrical-cable-1-1-1024x886.jpg" class="attachment-large size-large wp-image-11595" alt="" srcset="https://europe-rigid.com/wp-content/uploads/2020/09/Electrical-cable-1-1-1024x886.jpg 1024w, https://europe-rigid.com/wp-content/uploads/2020/09/Electrical-cable-1-1-300x260.jpg 300w, https://europe-rigid.com/wp-content/uploads/2020/09/Electrical-cable-1-1-768x665.jpg 768w, https://europe-rigid.com/wp-content/uploads/2020/09/Electrical-cable-1-1-1140x986.jpg 1140w, https://europe-rigid.com/wp-content/uploads/2020/09/Electrical-cable-1-1-720x622.jpg 720w, https://europe-rigid.com/wp-content/uploads/2020/09/Electrical-cable-1-1-360x311.jpg 360w, https://europe-rigid.com/wp-content/uploads/2020/09/Electrical-cable-1-1.jpg 1165w" sizes="(max-width: 1024px) 100vw, 1024px" />															</div>
					</div>
		</div>
				<div class="elementor-column elementor-col-33 elementor-top-column elementor-element elementor-element-46f9384" data-id="46f9384" data-element_type="column" data-e-type="column">
			<div class="elementor-widget-wrap elementor-element-populated">
						<div class="elementor-element elementor-element-098aa12 elementor-widget elementor-widget-text-editor" data-id="098aa12" data-element_type="widget" data-e-type="widget" data-widget_type="text-editor.default">
									<p style="text-align: center;"><span style="color: #008080;"><strong>Abrazaderas de anclaje para cables </strong></span> de tamaños:</p>
<p style="text-align: center;"> 8.5 &#8211; 13.5mm<br />13.5 &#8211; 17.5mm<br />17.5 &#8211; 22.5mm</p>
								</div>
				<div class="elementor-element elementor-element-9a906c2 elementor-widget elementor-widget-image" data-id="9a906c2" data-element_type="widget" data-e-type="widget" data-widget_type="image.default">
															<img decoding="async" width="1900" height="1425" src="https://europe-rigid.com/wp-content/uploads/2020/09/Anchoring-clamps-for-cable.jpg" class="attachment-full size-full wp-image-11711" alt="" srcset="https://europe-rigid.com/wp-content/uploads/2020/09/Anchoring-clamps-for-cable.jpg 1900w, https://europe-rigid.com/wp-content/uploads/2020/09/Anchoring-clamps-for-cable-300x225.jpg 300w, https://europe-rigid.com/wp-content/uploads/2020/09/Anchoring-clamps-for-cable-1024x768.jpg 1024w, https://europe-rigid.com/wp-content/uploads/2020/09/Anchoring-clamps-for-cable-768x576.jpg 768w, https://europe-rigid.com/wp-content/uploads/2020/09/Anchoring-clamps-for-cable-1536x1152.jpg 1536w" sizes="(max-width: 1900px) 100vw, 1900px" />															</div>
					</div>
		</div>
				<div class="elementor-column elementor-col-33 elementor-top-column elementor-element elementor-element-2374bc3" data-id="2374bc3" data-element_type="column" data-e-type="column">
			<div class="elementor-widget-wrap elementor-element-populated">
						<div class="elementor-element elementor-element-cda10c4 elementor-widget elementor-widget-text-editor" data-id="cda10c4" data-element_type="widget" data-e-type="widget" data-widget_type="text-editor.default">
									<p style="text-align: center;"><span style="color: #008080;"><strong>Accesorios para suspensión de cables</strong></span></p>
								</div>
				<div class="elementor-element elementor-element-c2b00cb elementor-widget elementor-widget-text-editor" data-id="c2b00cb" data-element_type="widget" data-e-type="widget" data-widget_type="text-editor.default">
									<p style="text-align: center;">El contenido se está actualizando</p>
								</div>
					</div>
		</div>
					</div>
		</section>
				<section class="elementor-section elementor-top-section elementor-element elementor-element-e4beb0d elementor-section-boxed elementor-section-height-default elementor-section-height-default" data-id="e4beb0d" data-element_type="section" data-e-type="section">
						<div class="elementor-container elementor-column-gap-default">
					<div class="elementor-column elementor-col-33 elementor-top-column elementor-element elementor-element-705e469" data-id="705e469" data-element_type="column" data-e-type="column">
			<div class="elementor-widget-wrap">
							</div>
		</div>
				<div class="elementor-column elementor-col-33 elementor-top-column elementor-element elementor-element-4a05fbb" data-id="4a05fbb" data-element_type="column" data-e-type="column">
			<div class="elementor-widget-wrap">
							</div>
		</div>
				<div class="elementor-column elementor-col-33 elementor-top-column elementor-element elementor-element-34f1d01" data-id="34f1d01" data-element_type="column" data-e-type="column">
			<div class="elementor-widget-wrap">
							</div>
		</div>
					</div>
		</section>
				</div>

<p>Nosotros ofrecemos cables de extensión eléctricos de acuerdo con la longitud requerida, incluidos los accesorios necesarios para colgar los cables Contacta con nosotros Cables de extensión eléctricos para fuente de alimentación &#8211; 400V, con clavija y toma de corriente 5P &hellip; <a class="kt-excerpt-readmore more-link" href="https://europe-rigid.com/es/portfolio/cables-electricos/" aria-label="Cables eléctricos">Leer más</a></p>
